.
818
Calculate the highest common divisor of 45 and 245572065.
45
Calculate the greatest common divisor of 81776309 and 213.
71
Calculate the greatest common factor of 86580 and 308412.
468
What is the greatest common factor of 52561554 and 3348?
186
Calculate the greatest common divisor of 220455 and 26541540.
3105
Calculate the highest common factor of 19185796 and 196.
28
What is the highest common factor of 902 and 10974634?
902
What is the greatest common divisor of 26175004 and 689?
53
What is the highest common factor of 3392 and 3939808?
1696
What is the greatest common divisor of 5299104 and 4658?
34
Calculate the greatest common divisor of 16646 and 759626.
406
What is the highest common factor of 90384 and 7168?
112
What is the greatest common factor of 1089916300 and 220?
220
Calculate the highest common divisor of 158 and 4583264.
158
Calculate the greatest common divisor of 10088 and 333437.
13
Calculate the highest common factor of 2233 and 19384673.
2233
Calculate the highest common divisor of 2429836 and 8.
4
What is the greatest common divisor of 530 and 356485?
5
Calculate the highest common factor of 4582111 and 593.
593
What is the greatest common factor of 27424 and 47392?
32
What is the highest common factor of 292422 and 4386928?
598
Calculate the greatest common divisor of 169123 and 1431.
53
Calculate the highest common factor of 10548055 and 175.
35
Calculate the greatest common factor of 1104 and 141013.
23
Calculate the greatest common divisor of 11100225 and 1175.
1175
Calculate the greatest common divisor of 209993 and 197155.
917
Calculate the highest common divisor of 1 and 4410719.
1
Calculate the greatest common factor of 3900 and 3499080.
780
Calculate the highest common factor of 18010 and 131410.
10
What is the greatest common factor of 18267647 and 473?
43
What is the greatest common divisor of 762 and 2768473?
127
What is the highest common factor of 289339 and 22339?
89
What is the greatest common divisor of 22350 and 7421094?
894
Calculate the highest common factor of 291535 and 2985.
995
What is the highest common divisor of 2626 and 137216378?
2626
Calculate the highest common factor of 11934 and 511035759.
1989
Calculate the highest common factor of 1005617727 and 16062.
8031
What is the highest common factor of 36 and 251745615?
9
What is the highest common divisor of 120 and 153898072?
8
What is the highest common factor of 132605 and 23700130?
12055
Calculate the highest common divisor of 54 and 943372.
2
What is the highest common divisor of 63 and 19506627?
63
Calculate the greatest common divisor of 36938 and 1048718.
1606
What is the highest common factor of 2042 and 21472651?
1021
What is the highest common factor of 2687922 and 18420618?
15186
Calculate the highest common divisor of 1493616 and 732.
12
What is the highest common factor of 6765 and 5488260?
615
Calculate the greatest common divisor of 306011844 and 972.
972
Calculate the greatest common factor of 3008 and 2769616.
752
Calculate the greatest common factor of 5351049 and 1032.
129
Calculate the highest common factor of 6408906 and 1568.
98
What is the greatest common divisor of 183273755 and 35?
35
What is the greatest common divisor of 2214 and 3261714?
246
What is the highest common factor of 320 and 20205920?
160
Calculate the greatest common factor of 465732 and 2346.
102
Calculate the greatest common divisor of 1891650 and 24.
6
What is the greatest common divisor of 62088 and 1477177?
2587
Calculate the greatest common divisor of 249916 and 54352.
172
What is the highest common factor of 24064620 and 60?
60
Calculate the greatest common divisor of 3910 and 630010.
10
Calculate the highest common factor of 3492 and 144434358.
1746
What is the greatest common factor of 6162 and 71344?
26
Calculate the highest common divisor of 308 and 357914788.
308
Calculate the greatest common divisor of 580336 and 16720.
304
What is the greatest common factor of 139264 and 27744?
544
What is the highest common divisor of 297920 and 74284?
196
Calculate the greatest common divisor of 324 and 20209905.
81
Calculate the highest common factor of 4276093 and 371.
53
What is the highest common factor of 9680 and 25120?
80
What is the greatest common factor of 209 and 383647?
11
What is the greatest common divisor of 573 and 216075?
3
What is the greatest common divisor of 32142 and 42306?
66
What is the highest common divisor of 1482 and 25954422?
78
Calculate the highest common divisor of 216 and 20349900.
108
What is the greatest common divisor of 1100 and 3028?
4
What is the greatest common divisor of 219 and 2159436?
3
What is the highest common divisor of 16324 and 256256?
308
What is the highest common factor of 365487 and 50199?
87
What is the greatest common factor of 1127 and 2012753?
23
What is the greatest common factor of 126 and 16634016?
126
What is the greatest common factor of 11480320 and 608?
32
Calculate the greatest common divisor of 69053 and 13333.
199
What is the greatest common factor of 3598 and 16014698?
3598
What is the greatest common factor of 719642085 and 971?
971
What is the highest common factor of 1734 and 142601406?
102
Calculate the greatest common factor of 6888 and 435051.
123
What is the highest common factor of 112439124 and 252?
252
What is the highest common divisor of 18707131 and 7792?
487
What is the highest common factor of 755226 and 1503?
9
Calculate the highest common divisor of 383700 and 34140.
60
What is the greatest common factor of 216223 and 1151899?
553
Calculate the greatest common factor of 111088 and 33178.
106
What is the highest common divisor of 1618877 and 12701?
13
Calculate the greatest common factor of 189478 and 67942.
422
What is the highest common factor of 236253 and 2802279?
183
Calculate the greatest common factor of 26 and 138746218.
26
Calculate the highest common factor of 89978252 and 14.
14
What is the greatest common divisor of 3328554 and 9?
3
What is the highest common divisor of 6391182 and 224?
14
Calculate the greatest common factor of 2530552 and 184.
184
Calculate the highest common factor of 261037 and 23464.
2933
What is the highest common divisor of 1714248 and 7192?
232
Calculate the greatest common factor of 863117056 and 1172.
1172
Calculate the greatest common divisor of 87310 and 155.
5
Calculate the greatest common factor of 64543986 and 9828.
702
What is the greatest common factor of 14148 and 177129423?
3537
Calculate the greatest common factor of 7 and 610579.
1
Calculate the greatest common divisor of 1875 and 3019275.
75
Calculate the greatest common divisor of 125314420 and 33.
11
What is the greatest common factor of 258 and 6387693?
129
What is the greatest common divisor of 460324904 and 1352?
1352
Calculate the highest common factor of 108756 and 29412.
684
What is the highest common divisor of 13 and 397246?
1
What is the greatest common factor of 3 and 572993?
1
Calculate the greatest common factor of 1729 and 21164780.
91
Calculate the greatest common factor of 1281 and 89785290.
1281
What is the greatest common factor of 2724 and 11419916?
908
What is the greatest common divisor of 640343 and 5358127?
2531
Calculate the highest common factor of 646708560 and 1632.
816
What is the highest common factor of 459 and 7418169?
27
What is the greatest common factor of 3285629 and 49820?
2491
Calculate the greatest common divisor of 12571463 and 3123.
347
Calculate the greatest common factor of 51949256 and 56584.
5144
Calculate the highest common divisor of 112 and 3331208.
8
Calculate the greatest common factor of 3470344 and 1761.
587
Calculate the highest common factor of 3759 and 24885.
21
What is the highest common divisor of 827140800 and 4800?
4800
Calculate the greatest common factor of 198 and 4426038.
18
Calculate the greatest common factor of 198754839 and 35055.
7011
Calculate the highest common divisor of 11697593 and 184.
23
Calculate the greatest common factor of 136350619 and 47.
47
What is the highest common divisor of 42872 and 1690648?
1864
Calculate the highest common divisor of 3 and 6072291.
3
What is the highest common divisor of 34053 and 12?
3
What is the greatest common divisor of 1898008 and 22?
2
What is the h